*k - 11. What are the prime factors of b(-10)?
7, 23
List the prime factors of (9/(-1))/(396/(-71808)).
2, 3, 17
Suppose -25 = 5*w, -4*b - 5 = -7*b + w. Let s be (6 - 7)*(b + 0). List the prime factors of 41 + (0 - s/(-2)).
41
Suppose v - 20 + 15 = 0. Suppose 2*k + v*r - 635 = -228, 2*r = -6. List the prime factors of k.
211
Suppose 3 = -5*t + 2*t, -4*k + 57647 = t. List the prime factors of k.
2, 3, 1201
Let i = -26843 + 50592. List the prime factors of i.
11, 17, 127
Let x(a) = -a**2 - 27*a + 10315. What are the prime factors of x(0)?
5, 2063
Let u(n) = 1505*n - 821. What are the prime factors of u(4)?
3, 1733
Let i(s) = -s**3 + 12*s**2 - 2*s - 20. Suppose o + 96 = 7*o. Suppose u + 5 = o. List the prime factors of i(u).
79
Let z(x) = 1139*x**3 - x**2 + 3*x - 3. Let t be z(1). Suppose 3*y - 5*y + t = 0. What are the prime factors of y?
569
What are the prime factors of (-6 + 24/2*(-19922)/21)*-2?
2, 5, 17, 67
Suppose -11*w + 7*w + 98547 = -5*k, w - 3*k - 24642 = 0. List the prime factors of w.
3, 7, 17, 23
What are the prime factors of (4963/3)/((88/(-48))/(-11))?
2, 7, 709
Suppose 3*s = s - 4. Suppose 22*m = 12*m + 80. What are the prime factors of 66*((-12)/m - s)?
3, 11
Suppose -4*x - u - 4*u + 419 = 0, -4*x + 410 = 2*u. Suppose -2*q - w = x, -4*q - 4*w = q + 260. Let g = q + 140. What are the prime factors of g?
2, 23
Suppose -3*k + 13 = 4. Let s(r) = 109*r + 47. What are the prime factors of s(k)?
2, 11, 17
Let b(i) = 83*i + 92*i + i - 19. Let v be b(-3). Let x = v + 787. List the prime factors of x.
2, 3, 5
Suppose -17*g + 18*g - 3 = 0. Suppose -g*u = -49 - 56. Suppose 0 = -u*l + 32*l + 234. List the prime factors of l.
2, 3, 13
Let b(s) = 49*s**3 - 51*s**2 + 79*s + 26. Let g(o) = 10*o**3 - 10*o**2 + 16*o + 5. Let i(q) = -2*b(q) + 11*g(q). What are the prime factors of i(2)?
103
Suppose -2*t = 3*y - 9916, 3*y + 0*y = 3*t - 14844. List the prime factors of t.
2, 619
Suppose -9*x - 118 - 26 = 0. Let l be (-3)/(-12) - 172/x*25. Let p = 412 - l. What are the prime factors of p?
11, 13
Let j = -95 + 96. Let r be -3 - 2 - (-92 - j). Suppose -5*d - 5*f = -4*d - r, -5*f - 284 = -3*d. What are the prime factors of d?
3, 31
Suppose d = 2*d + 49. Let c = 50 - d. Let r = 12 + c. What are the prime factors of r?
3, 37
Let n = -75103 + 113423. What are the prime factors of n?
2, 5, 479
Let f be (-1)/3*(-24 + 15). Suppose 2*i = -f*a + 250 + 61, 8 = 2*i. Suppose -a = -3*z - 2*w, -4*z = w - 5*w - 108. What are the prime factors of z?
31
Suppose 2*q = -2*q + 1268. Suppose -4*v - q = w, -4*v - 287 = -6*w + w. What are the prime factors of ((-34)/4)/(13/v)?
3, 17
Let w(b) be the third derivative of 47*b**4/24 - 305*b**3/6 + 2*b**2 - 38*b. What are the prime factors of w(27)?
2, 241
Let a(w) = 2*w**3 - 17*w**2 - 7*w + 30. Let t be a(8). Let l = t + 866. List the prime factors of l.
2, 97
Let r be 2 + -3 + 0 + 1. Suppose r = 10*k - 550 + 170. What are the prime factors of (1 - 3)/((-4)/k)?
19
Let c = 21793 - 8721. List the prime factors of c.
2, 19, 43
Let o = -58 + 118. Let v = o + -50. Suppose -v*y + 2892 = 722. List the prime factors of y.
7, 31
Let b(d) = 2*d**3 + 42*d**2 + 55*d + 1. What are the prime factors of b(-19)?
2, 5
Suppose -5*n - 5*f = -164070, 234*n = 233*n + f + 32830. List the prime factors of n.
2, 16411
Let h(u) = 3*u**2 + 7*u - 2. Let f be h(-7). Let b(n) = n**2 - 1. Let l be b(-1). Suppose k + 7 - f = l. List the prime factors of k.
89
Let f(h) = -383*h**3 - 2*h - 3. Let d be f(-1). Let i = d - 205. Let q = i - 29. What are the prime factors of q?
2, 37
Let o(t) = -39 + 29 + t + 0*t**2 + t**2. Let i be o(0). List the prime factors of 224/(-6)*45/i.
2, 3, 7
Suppose -6*j - 4 = -4*j, 5*n - j - 152 = 0. Let z(i) = -i**3 - 7*i**2 + 9*i + 13. Let x be z(-8). Suppose x*h - n = 2*h. List the prime factors of h.
2, 5
Suppose y = -2*u, 0 = 5*u - 3*y + 4*y. Let o be u + (55/1 + -2 - -2). Suppose -683 = -6*p + o. What are the prime factors of p?
3, 41
Let u = -10621 + 15849. What are the prime factors of u?
2, 1307
Let i(g) = 84*g + 36. Let h be (-25)/5 - 12/4. Let k(b) = 56*b + 24. Let q(s) = h*k(s) + 5*i(s). What are the prime factors of q(-5)?
2
Let y(t) = -3*t**2 - 3*t + 13. Let h = -93 - -87. Let a be y(h). What are the prime factors of (-14)/a - (-108)/11?
2, 5
Let b be (-1)/(-3) + 12064/6. Suppose -4*w + b = -2*k + 7*k, -k + 407 = -4*w. List the prime factors of k.
13, 31
Let s(r) = -2*r + 22. Let p be s(9). Let j be (-4)/(-16) + (0 - (-59)/p). What are the prime factors of (1*j/2)/(2/4)?
3, 5
Let d(q) = 2*q + 178 + 151 + 3*q. What are the prime factors of d(0)?
7, 47
Suppose 2*h - 5 = 3, 5*p = -4*h + 226. Let b(v) = -v**3 - v**2 - 2*v + 1. Let i be b(-4). Let u = i - p. What are the prime factors of u?
3, 5
Let l(d) = 6*d**2 + 6*d. Let h(v) = -24*v**2 - 1 + 17*v**2 - 3*v - 4*v. Let a(x) = 5*h(x) + 6*l(x). List the prime factors of a(8).
67
Let i = 160 - 157. Suppose -i*y + 1381 = 85. List the prime factors of y.
2, 3
Suppose -226*p - 3*n - 201161 = -233*p, -p + 28748 = -4*n. List the prime factors of p.
2, 449
List the prime factors of (-16)/(48/9)*-1*(-77338)/(-6).
38669
Suppose -5 = 4*m + 3*r - 26, 3 = 3*m - 2*r. Suppose -4*d + 2 = 3*k, 0 = m*k - k + 2*d - 2. List the prime factors of (6/k - -44) + -3.
2, 11
Let r(o) be the third derivative of -7*o**4/24 + o**3/2 - 15*o**2. Let v be r(0). Suppose 4*z - v*z = -k, 0 = 4*k - 2*z - 18. What are the prime factors of k?
3
Let j = -10941 + 31814. List the prime factors of j.
20873
Suppose 4 = 3*s + 1, 3*b - 2*s + 14 = 0. List the prime factors of (b/(-4))/3 + 2471/21.
2, 59
Let o(t) = t. Let h(v) = 4*v - 31. Let y be h(8). Let j(p) = 12*p - 10. Let a(f) = y*j(f) - 5*o(f). List the prime factors of a(6).
2
Let q be 200/(-16)*(-4 - 270). Suppose -13154 + q = -9*c. What are the prime factors of c?
23, 47
Let f be (-4)/6*(-8 + 11). Let w be -28*(-4 - (0 - (f + 4))). Suppose 10*h - w = 9*h. What are the prime factors of h?
2, 7
Let x(m) = m**3 + 10 + 4*m - 3*m + m**2 - 2 + 7. Let v be x(0). Let n = v - -21. List the prime factors of n.
2, 3
Let d = -93 - -90. Let s be (117/(-21) - d)*7. Let i = s - -72. What are the prime factors of i?
2, 3
Let j = 41252 + -6146. What are the prime factors of j?
2, 3, 5851
Let m(s) = 2*s**3 - 19*s**2 - 10*s + 40. Let h be m(10). What are the prime factors of (((-219)/4)/3)/((-5)/h)?
2, 73
Suppose -4*h - 2966 = 3*r + 443, 3415 = -4*h - 5*r. Let a be ((-88)/110)/(4/h). Suppose c = 67 + a. List the prime factors of c.
3, 79
Let i(q) = -q**3 - 13*q**2 + 234*q - 108. List the prime factors of i(-26).
2, 11, 59
Let h = 19613 - 7710. List the prime factors of h.
11903
Let f(h) = 7*h + 37. Let t be f(-6). Let k(j) = -13*j**3 - 8*j**2 - 44*j - 11. What are the prime factors of k(t)?
2, 19, 43
Let o(p) = -p**2 - 38*p - 146. Let z be o(-34). What are the prime factors of 10/(-25) + (4 - 9904/z)?
2, 7, 71
Suppose 61*w - 82*w + 3024432 = 51*w. What are the prime factors of w?
2, 3, 7001
Let j = 41 + 31. Let p = -21 + j. Let a = p - 8. List the prime factors of a.
43
Let b = 636 + -646. What are the prime factors of b/(-2 - (-888)/446)?
5, 223
Suppose -27*u + 399222 = -296649. What are the prime factors of u?
3, 11, 71
Let d(a) = 9 - 5*a + 19*a - 6*a - 7*a. Let w be d(-4). List the prime factors of 48/(-120) + 0 + 112/w.
2, 11
Let i = 25 + -20. Suppose -1928 = -4*u + 4*x, 5*u - 976 = 3*u - 4*x. List the prime factors of u/i - 20/25.
2, 3
Let a(k) = 318*k**2 + 46*k + 268. List the prime factors of a(-6).
2, 5, 11, 13
Let i = 1161 - 190. List the prime factors of i.
971
Suppose -14*m = -11*m + 60. Let s = 22 + m. Suppose 5*x + 16 = 2*b - 93, 0 = -s*x + 10. What are the prime factors of b?
67
Let o be (12 + 55)/((-1)/(-3)). Suppose o = -g - 185. Let r = 578 + g. What are the prime factors of r?
2, 3
Suppose 0 = -5*n - 3*d + 35308, n - 4324 - 2724 = -4*d. What are the prime factors of n?
2, 883
Let h = -42 - -46. Suppose 2*i - 5*u - 81 = 0, h*u - 150 = -5*i - u. What are the prime factors of i?
3, 11
Suppose -6*n = 42, -n = -35*h + 39*h - 302909. What are the prime factors of h?
3, 25243
Let r = -391 + 328. List the prime factors of -9*14/r*198.
2, 3, 11
Let s(i) = -i**3 - 13 + 38 - 27*i - 15*i**2 + 26*i. Let t be s(-15). What are the prime factors of (t*1)/((-2)/(-8))?
2, 5
What